 + (-7 - -4) + 12)
0
What is -3 - (-5 + (-7 - (5 - 17)))?
-3
What is the value of -6 + (-5 - (-14 + 4))?
-1
Evaluate -2 + (5 - -4) + 27 + -37.
-3
Calculate 1 + (1 - (-3 - (-7 + -1))).
-3
Evaluate -3 + (3 + -6 - -3 - 0).
-3
Calculate (30 - 35) + (1 - (-2 + 4)).
-6
Evaluate (-7 - -11 - 1) + -6 + -2.
-5
Evaluate (8 - -6) + -12 + (7 - 3).
6
Calculate 4 + 1 + -3 + -10 - 2.
-10
-5 + 0 - ((0 - 3) + 3)
-5
3 - (6 - 4 - -1)
0
What is 45 - 40 - (1 - -1) - -2?
5
What is the value of 5 + (-1 + 3 - (55 + -49))?
1
Evaluate (-4 - 3) + -2 + 6.
-3
Calculate -10 + (-2 - 0) + 26 + -24.
-10
What is the value of 1 - 1 - (-4 + 6 + -5)?
3
Calculate 1 - (-4 + 7 - -1).
-3
Calculate 2 + 2 + -6 + 4.
2
Calculate 27 - 19 - (0 - -7).
1
Evaluate -6 - (6 - ((-14 - -8) + 23)).
5
What is 8 - 8 - (-2 - 0)?
2
What is the value of -5 + (5 - (3 + -2))?
-1
Evaluate 11 + -6 + 0 + -5.
0
Calculate -1 + 1 - (17 + -13) - -3.
-1
4 + (2 - -2 - 0) + -2
6
Evaluate (-3 - -5) + (-5 - -4).
1
What is -4 + 1 + 1 + 1?
-1
Calculate 2 + -6 - (1 + -5).
0
What is the value of (-2 - -5 - 1) + (31 - 29)?
4
Evaluate 3 + -2 + (2 - 6) + -3.
-6
Evaluate -1 + 5 + (-2 - (0 - 2)).
4
Evaluate (-2 - -4) + 1 + 0 + 2.
5
What is the value of (-3 - 0) + -1 + -1?
-5
Calculate 1 - -3 - -2 - 7.
-1
Evaluate 2 - (3 + 1 + -1) - 2.
-3
Evaluate -9 + (5 + 0 - 1).
-5
-5 - ((-7 - (-1 + -1)) + -1)
1
What is the value of 15 - 17 - (5 + -3)?
-4
-3 - 0 - (-5 + (-5 - -5))
2
What is the value of (-2 - -7) + -8 + 2?
-1
Calculate -3 + 3 - 4 - -1.
-3
Calculate (2 - 4) + 0 - 1.
-3
(-8 - -7) + (3 - 0)
2
Calculate 5 - (2 + (1 - 0)).
2
What is the value of 2 - (0 + -1 + 1) - -2?
4
Evaluate 2 - (-1 + 3 + 7).
-7
Evaluate (-3 - -5) + -8 + 2 + 5.
1
What is -9 + 2 + (34 - 37)?
-10
Evaluate (-3 - (1 - (0 - -3))) + 5.
4
What is the value of -15 - -8 - (-2 + 2)?
-7
Calculate 15 - 9 - (7 - 5).
4
What is the value of (3 - (-3 + 5)) + -6?
-5
What is -3 + 4 - 3 - 1?
-3
6 + (-4 - -1 - (1 - 2))
4
Evaluate -2 + -2 - (-1 + -5).
2
What is the value of -2 + (4 - -3 - 1)?
4
(7 - 10) + (9 - 10)
-4
Calculate -1 - 12 - (1 - 8).
-6
What is -7 + (5 - (0 + -1)) - 3?
-4
What is the value of -2 + 2 - 2 - (-94 + 88)?
4
-3 - (-2 + 0 - 0) - -2
1
Evaluate (-6 - -2) + (-4 - -5 - 1).
-4
What is the value of -1 + 0 + (4 - (5 - 1))?
-1
What is the value of (2 - (2 - 1)) + -8 + 5?
-2
Calculate -1 + (-1 - (-4 + 2)) + -3.
-3
What is the value of 4 + (-5 - (8 - 3))?
-6
Evaluate -121 + 118 + (-1 - 0 - -7).
3
(-3 - -2 - 3) + (0 - -7)
3
What is -3 + (1 - -2) - 6 - -2?
-4
Evaluate -7 + 3 - (-1 - (-5 + 9)).
1
Calculate 2 - ((-4 - (4 + -4)) + 3).
3
What is the value of 1 - (-29 + 32 + 0 + 1)?
-3
Calculate 11 - (-6 - -8) - (9 + -1).
1
Calculate 0 - ((-4 - -1) + 9).
-6
1 - (6 - 15 - (-1 + -3))
6
Calculate 4 - (8 + -6 - -5).
-3
What is the value of (10 - 18) + 16 + -15?
-7
What is the value of (7 - 13) + 2 + (1 - 0)?
-3
Calculate (-18 - -16) + 8 + -2.
4
What is (-4 - 1 - (8 + -9)) + -2?
-6
Evaluate 4 - ((16 - (0 - -4)) + -7).
-1
What is the value of -7 + (7 - (4 + -1))?
-3
Calculate (-8 - (-2 - 2)) + 2 + 3.
1
Evaluate -2 + (1 - (6 + 0 + -3)).
-4
Evaluate 1 + 1 + -7 + 7 + 2.
4
4 + (1 - 2) + -4 + 5
4
Calculate -9 + 0 + -8 + 15.
-2
Evaluate 2 + 1 + -6 + -1 + 12.
8
3 - (10 - (3 + -5 - -6))
-3
What is the value of (-4 - -6) + 2 + -1?
3
What is -8 - -11 - (-1 + 9)?
-5
Calculate -1 - (-1 + 0) - (138 - 133).
-5
1 - -2 - (8 + -6)
1
Calculate 0 - (7 + 2 + -20 + 16).
-5
Calculate (7 - 8) + 8 + -15.
-8
What is -4 + -3 - (-19 - -6 - -5)?
1
Calculate 2 - (2 + (2 + -2 - 3)).
3
Evaluate -2 - -7 - (-2 - (-9 - 2)).
-4
What is -2 - (-4 + (-3 - -2))?
3
Evaluate 12 - (10 - 0 - (14 - 6)).
10
-1 + 4 + -25 + 17
-5
What is the value of -10 + 3 + 16 - 5?
4
Evaluate (1 - 9 - (-8 - -10)) + 5.
-5
Evaluate 2 + -1 + (-3 - 3) - -11.
6
What is -2 + (2 - (0 + -4))?
4
Calculate -5 + -2 - (-1 + 2 + -5).
-3
Evaluate (-1 - 3) + 0 + -4 + 3.
-5
What is the value of (7 - (24 + -10)) + 11?
4
Calculate 1 - (5 - 2 - (2 + 4)).
4
Calculate 3 - (-4 + 1) - (15 + -1).
-8
7 + -2 + 3 + -1 + 1
8
What is the value of 0 - (3 + (0 - 2)) - -1?
0
2 - (3 + (-12 - -4) + 4)
3
Calculate 3 + 4 + -1 + (-5 - 0).
1
Calculate (20 - 11) + -13 + -7.
-11
What is 13 - 4 - (8 + 4)?
-3
What is the value of -1 - -7 - (-7 + -1 + 15)?
-1
Calculate -1 + 10 - (-18 + (40 - 19)).
6
What is -7 - -4 - (3 + -3)?
-3
Evaluate 1 - 5 - (5 + -1 + -7).
-1
Evaluate 1 + (-2 - -4) + -7 + 1.
-3
What is the value of 1 + -4 + -23 + 31?
5
Evaluate 6 - (-8 + -9 + 26).
-3
What is 0 + 11 + -1 - 4?
6
What is (5 - 7) + 4 + -4?
-2
Evaluate (-13 + 25 - 21) + 14.
5
Calculate (-7 + 3 - 4) + (0 - -3).
-5
What is the value of -2 + 11 + -10 + 7?
6
Calculate (8 - 9) + -3 + (-3 - -11).
4
What is 5 + 0 + 3 + -8?
0
What is the value of 9 + -1 + -3 + (0 - 6)?
-1
Calculate -1 + -3 - (-4 + 7 + -5).
-2
What is the value of 6 + 0 + (6 + -11 - -2)?
3
What is -8 + (5 - (8 + -21))?
10
What is 6 - (-2 + (-1 - -4))?
5
What is the value of 0 + 0 - -3 - (91 + -83)?
-5
What is the value of (-3 - 2) + 6 - 2?
-1
What is 1 + 1 - (1 - 0 - -1)?
0
What is the value of -2 + -3 + 4 + 1 + -2?
-2
What is (16 - 14) + 4 + -1?
5
Evaluate -5 + (7 - 6) + -1.
-5
(2 - (5 - (1 + 0))) + 2
0
80 + -81 + (-1 - -2 - 7)
-7
Calculate (0 - (-2 - -1)) + (-9 - -9).
1
12 + (-4 - 6) - -3
5
What is 0 + 8 + 2 + -5?
5
What is 2 - (-4 - (2 + -4) - 4)?
8
Evaluate 2 - ((8 - -2) + (-1 - 5)).
-2
What is (5 - 3) + 4 + (4 - 7)?
3
Calculate -1 + (-3 - -5 - 5) + 9.
5
Calculate 1 + 2 + -1 + -2 + -7.
-7
(4 - (-5 - -6)) + -3
0
Evaluate -2 + 1 + 2 + 0 - 2.
-1
What is the value of -5 - (2 - (-1 - -4) - 2)?
-2
Calculate 4 + (-1 - (-1 + 3 + -2)).
3
Calculate -2 - (-3 - (-5 + (0 - -7))).
3
Evaluate -3 + (-2 - (3 + -3)).
-5
-5 + -5 + (-3 - (-5 + -3))
-5
Calculate (1 - (5 - (-2 - -5))) + 0.
-1
4 - (8 - 6 - -2 - 6)
6
Calculate 1 - (0 + (-4 - -5)).
0
Calculate -4 - (4 + -6) - -5.
3
What is the value of 5 - ((-5 - 0 - -3) + 6)?
1
Evaluate 4 - (6 - 4) - 9.
-7
What is the value of -12 + 10 + (1 + -2 - -4)?
1
What is the value of 5 + 3 + (-15 - -2)?
-5
Calculate 2 + (-5 + -7 - -3).
-7
What is the value of (-2 - (-1 + 0)) + (-3 - -1)?
-3
Calculate -8 + 2 - (-6 + 0 + 1).
-1
1 - (-1 - -4) - (28 - 25)
-5
4 + (5 - (-6 - -11)) + -6
-2
Calculate -18 + 17 - (-4 - 0).
3
What is 3 - 2 - (-2 - 1) - 1?
3
What is the value of (1 - -3) + (15 - 16)?
3
What is -10 + (4 - 1) - -7?
0
Evaluate (-2 - -3 - 3) + 1 - 0.
-1
What is -1 + 4 + (-17 + 19 - 12)?
-7
What is -1 - (1 - 0 - -2)?
-4
What is (1 - -5) + 7 + -2 + -15?
-4
-11 + 8 - (-3 + 1 + 0)
-1
Calculate -6 - (-3 + (-4 - (-8 - -3))).
-4
Calculate 2 - (2 + 0 + 0 + 2).
-2
-1 + -7 + 3 + -7 + 6
-6
Evaluate -6 - (-2 + (3 + -4 - -2)).
-5
What is the value of 5 + -1 + (-5 - -5)?
4
0 - (0 - ((1 - 1) + -1))
-1
4 + (0 - -1 - 9) + -1
-5
What is 1 - (10 + (-4 - 2))?
-3
Calculate -3 + 11 - 5 - (6 - 3).
0
What is 1 + (4 - 2 - -3)?
6
What is the value of -4 - (-2 - (-3 - -8))?
3
Evaluate (-1 - 0 - 1) + (-42 - -48).
4
What is (4 - -3) + -7 - (-3 - 0)?
3
1 - (0 - (-3 - -7))
5
What is (1 + -3 - 0) + (50 - 52)?
-4
What is 0 + -3 + (12 - 4)?
5
What is (1 - 6) + 18 + -39 + 21?
-5
What is (0 - -2) + -1 + 1 + -3?
-1
Calculate -5 + -5 + 11 - (1 - 1).
1
What is -4 + (-6 - (9 + -14))?
-5
Evaluate -3 - (-5 + 3 + 2).
-3
Evaluate 3 + -2 + 8 + -13 - -1.
-3
What is the value of (0 - -2 - (-35 + 37)) + 8?
8
Evaluate -1 + 2 + -2 - -2.
1
What is the value of 1 + 1 - (-11 + 5) - 4?
4
Evaluate 5 + (3 - 5) + -2 - -1.
2
What is the value of -1 - ((1 - 2) + -2 - -3)?
-1
Evaluate 0 + -6 + 4 + 9 + -13.
-6
Evaluate (-5 - (3 + -2)) + 2.
-4
Evaluate 3 + -6 + (-3 - (6 - 14)).
2
Evaluate (3 - 3) + 2 - -3 - 10.
-5
Calculate (0 - -3) + (-6 - 2).
-5
Calculate 1 + 3 - 4 - (1 - -3).
-4
(-5 - -9) + 0 + -1
3
What is 23 + -26 + (-1 - -2 - 1)?
-3
What is the value of -1 - (1 - 0) - (123 + -125)?
0
What is -5 + (2 - (-1 + 0 + 3))?
-5
Evaluate 2 - (-7 + (9 - 5 - -1)).
4
Calculate 9 + (5 - -4 - 11).
7
(-7 + -4 + 3 - -1) + 4
-3
What is 2 + (5 - (5 - 1))?
3
Calculate (-4 - -2) + 2 - -1.
1
Evaluate (-4 - -2) + 0 - (-2 + 3).
-3
What is the value of (-2 - (-1 - -3)) + 0 + 5?
1
What is the value of (4 - -2 - 8) + 0?
-2
Evaluate -2 - (-3 + 1 + -1).
1
Calculate 1 + (-1 - 4) + 2 + -1.
-3
Calculate -5 + -3 + 4 + 5 + 5.
6
1 + 0 + 2 + -1
2
Calculate -8 + 15 + (-5 - -5).
7
Evaluate 0 - (-1 - (-5 -